-2 - 0). What is the greatest common divisor of m and z?
9
Let t = 1 + 9. Suppose -3*l + 3*x - 10 = -2*x, 2*l - 2*x + 4 = 0. Suppose 0 = -i - l*i + 30. What is the greatest common factor of i and t?
10
Suppose -b - 5*p + 122 = 0, -102*b - 5*p + 306 = -99*b. Calculate the highest common factor of 56 and b.
4
Suppose 3*r = -w + 6, -w + 4*w = -5*r + 10. Suppose s - 6*s + 4*j + 70 = 0, w = 2*s - 5*j - 28. What is the greatest common factor of s and 35?
7
Suppose -2*f - 478 = -4*h + 90, -4*h - f + 580 = 0. Suppose 54 = 9*d - 3*d. What is the highest common factor of d and h?
9
Suppose -4*v = -5*f - 454, 2*v + 19*f - 17*f = 218. Let d = v - 89. What is the greatest common divisor of d and 1782?
22
Let x(q) = 2*q - 13. Let l be x(12). Let d be 3 + -5 + 366/(-6). Let f = 118 + d. What is the highest common factor of f and l?
11
Suppose 3*o + 95 = 5*d, -5*d + 60 = -0*d + 4*o. What is the greatest common divisor of d and 196?
4
Suppose 1600 = 112*t - 72*t. What is the greatest common factor of t and 2410?
10
Suppose -u - 20 = -3*d, -5 = 3*u + d + 15. Let q be -5 - u - -58 - 1. What is the highest common divisor of 228 and q?
12
Let s be ((-1352)/130)/(2/(-135)). Suppose -6*w = -11*w + 5*g + 205, 0 = -2*w + g + 80. Calculate the highest common factor of w and s.
39
Let v be 4/18 - (-430)/9. Let l(j) = j + 17. Let m be (-210)/(-56)*(-8)/(-2). Let i be l(m). Calculate the greatest common factor of v and i.
16
Let f(v) = v - 1. Let h be f(1). Suppose 4*x = -4*d + 184, -5*x - 5 - 5 = h. Let a = d - 39. What is the highest common divisor of 72 and a?
9
Let q = 6 - -24. Let h(z) = z**2 + 45*z + 48. Let y be h(-44). Suppose -k - 265 = -n, -5*n + y*k = -3*n - 520. What is the highest common divisor of n and q?
30
Suppose 0 = -145*i + 1544 + 4256. Suppose 124 = 5*w - 126. Calculate the greatest common divisor of i and w.
10
Let d = -1902 - -3650. Calculate the highest common factor of 304 and d.
76
Let q = 234 + -204. Suppose -i = 4*i + 1525. Let h = i - -545. What is the highest common divisor of h and q?
30
Suppose 0 = -d - 15 + 147. Let a = 188 - d. Calculate the greatest common divisor of a and 56.
56
Let w = -4926 + 6345. What is the highest common divisor of 165 and w?
33
Let f = -9427 + 9714. What is the greatest common factor of 1886 and f?
41
Let a be ((-9)/(-2) + -4*1)*0. Suppose -8*k + a*k + 32 = 0. Suppose k*s - 2*p = 80, -5*s + 2*p + 0*p = -98. What is the greatest common factor of s and 27?
9
Suppose 3*o = 2*h - 382, -4*o + 2*h - 506 = -0*o. Let l = -43 - o. Suppose 2*d + 0*c = 3*c + 33, -7 = 2*d + 5*c. What is the greatest common factor of l and d?
9
Let t(o) = -o + 19. Let f be (17/(-4))/((-1)/4). Suppose 5*x = f*x - 108. Let g be t(x). Calculate the greatest common factor of g and 20.
10
Suppose 5*z - 104 = 4*z. Let i = -41418 + 41444. What is the greatest common divisor of z and i?
26
Let x = 4 + -20. Let a be (1 + -28)/(1/(x/3)). Suppose -16 = -2*c + c. Calculate the highest common factor of a and c.
16
Let z(u) = -2*u + 18. Let t(v) = -v - 1. Let i(y) = -3*t(y) - z(y). Let x be i(4). Let q = -6 + 11. What is the greatest common divisor of x and q?
5
Suppose w - f - 5 = 0, -3*f = 5*w + 2*f - 15. Suppose -11*u + 9*u = -2*l - 30, 2*l - 18 = -2*u. Let b = u + w. Calculate the highest common divisor of b and 16.
16
Let z be (-2)/(-3) + (-2 - (-68)/6). Let b be (-5)/(-10)*z + -3. Calculate the highest common factor of 48 and b.
2
Suppose 5*m - 538 = 7*m. Let q = -244 - m. What is the highest common divisor of 25 and q?
25
Suppose 17*r + 36 = 8*r. Let k(n) = -14*n + 78. Let b be k(r). Calculate the greatest common factor of 2 and b.
2
Let d(l) = -2*l**3 - 48*l**2 + 19*l + 8. Let h be d(-25). Calculate the highest common divisor of h and 135.
27
Let o = 5758 + -5708. What is the greatest common divisor of o and 21550?
50
Suppose -159 = -3*b + 8*d - 13*d, 3*b + 4*d = 156. Suppose -4*n + 44 = -40. Let s = n + -5. Calculate the highest common factor of b and s.
16
Let f be 11 - -5*((-435)/(-3) - 10). Let y be 114/8 + (-2)/8. Calculate the greatest common factor of y and f.
14
Let z = -28 + 8. Let q = -18 - z. Let m be 3/q*1/(9/60). Calculate the highest common factor of m and 5.
5
Suppose -2*m + 88 = 2*w, -261 + 47 = -5*m - 2*w. Let j be ((-144)/(-102))/((-487)/(-33116)). Calculate the greatest common divisor of j and m.
6
Suppose v + 158 = 3*b, 0 = b + 4*b - 4*v - 254. Suppose -4*q + 1306 = -2*k, 2*k - 983 = -5*q + 627. Calculate the greatest common factor of b and q.
54
Let h = -12517 - -12748. Calculate the highest common factor of 32109 and h.
231
Let n be 20/(-15) + (-68)/51*(-5408 + 1). What is the greatest common divisor of 8 and n?
8
Let p = 29786 - 27350. Calculate the greatest common factor of 105 and p.
21
Let p be 2/(-6) + (-3)/(-36)*52. Suppose 0 = -3*b + x - 3, -2*b - 4*x = -p*b - 2. Let a be 6 + 1 + b + -1. What is the highest common divisor of a and 45?
5
Suppose 0 = 92*o + 14*o + 1142 - 8562. Calculate the greatest common factor of o and 105.
35
Let c be (-153)/27 - (4/(-6) - 0). Let l be (-18)/c + (-2 - 36/(-15)). Let w be (l/3)/((-9)/(-162)). Calculate the greatest common factor of 24 and w.
24
Suppose 0 = 4*t + 13*t - 529 + 223. What is the highest common divisor of 178 and t?
2
Let s(o) = o**2 + 38*o - 1657. Let r be s(27). What is the greatest common factor of r and 742?
14
Suppose 625 = 15*j - 875. What is the highest common divisor of j and 775?
25
Let k be -5 + 6 + 2 + 6. Let x = k - 10. Let s be 184/5*(-5)/x. What is the greatest common factor of s and 8?
8
Suppose -112*f + 33*f + 2149579 = 190*f. What is the greatest common divisor of f and 244?
61
Let x be -11 + 18 - 6 - ((5 - 168) + -1). Calculate the greatest common divisor of 1785 and x.
15
Suppose -3416 = -1131*j + 1070*j. Calculate the highest common factor of j and 175.
7
Let p be -1*5506/(-9) - (-20 + 10502/531). Calculate the highest common divisor of 76 and p.
4
Let c = -1 - -8. Let m be ((45/50)/((-6)/(-15)))/(30/560). What is the highest common divisor of c and m?
7
Suppose 276 = 38*r - 277 - 321. Calculate the highest common factor of r and 10350.
23
Let s be 25*(-28)/(-4900) + 83551/7. What is the greatest common factor of 48 and s?
16
Let v = 4115 + 26637. What is the greatest common divisor of 32 and v?
32
Let k be (11/5)/(12/420). Let o = 88 - 77. What is the greatest common divisor of o and k?
11
Let p(s) = 18*s - 4. Let y be p(5). Let b = -113279 + 113580. Calculate the greatest common divisor of y and b.
43
Suppose 0 = 4*d - 7 + 15. Let n(u) = u**3 + u**2 - 2*u - 2. Let v be n(d). Let a be v - -20 - (2 - -1)*1. What is the greatest common divisor of a and 25?
5
Suppose -9744 = 122*f - 15821 - 40893. Let j be 535/15 - (-4)/(-6). Calculate the highest common factor of f and j.
35
Suppose -5216 = 2*g - 18*g. Let j = g - 325. Calculate the highest common factor of j and 27.
1
Let i be (-6)/15 - 17966/(-65). Let b = i - 274. What is the highest common divisor of b and 34?
2
Suppose 0 = 2*w + 4, -876*w = -3*v - 875*w + 2711. Calculate the greatest common divisor of v and 1548.
129
Let w(z) = -3*z**2 + 41*z - 33. Let v(m) = 13*m - 94. Let p be v(8). Let j be w(p). Calculate the highest common factor of 11 and j.
11
Let a be (-30)/(-390) + (-1635)/(-39). What is the highest common factor of a and 273?
21
Let r(w) = 3*w - 7. Let n be r(-4). Let f = 33 + n. Let t(p) = -21*p - 56. Let h be t(-5). What is the greatest common divisor of f and h?
7
Let s be ((-10600)/150)/(2 - (-340)/(-165)). What is the highest common factor of s and 594?
22
Let u(l) be the third derivative of l**4/12 + 19*l**3/6 + 4*l**2 + 10*l. Let v be u(-8). What is the highest common factor of 39 and v?
3
Let f be -7*160/112*-2. What is the greatest common factor of 310 and f?
10
Let q(n) = 508*n**2 - 340*n + 683. Let m be q(2). Calculate the greatest common factor of 110 and m.
55
Suppose 41*a - 45*a + 92 = 3*k, 0 = 2*k - 2*a - 38. What is the highest common divisor of 1668 and k?
12
Let n(b) = 10*b**3 + 2*b**2 + 5*b - 7. Let c be n(1). Let x be (((-2200)/(-15))/c)/(5/15). What is the highest common factor of x and 374?
22
Suppose -5*y + 5*j - 573 = 2*j, -2*y - 2*j = 242. Let l be (y - 8)/(2 + -3). What is the greatest common divisor of 5 and l?
5
Suppose 22*o + 1424 - 1688 = 0. Calculate the 